{"id":8034,"date":"2013-04-22T12:17:50","date_gmt":"2013-04-22T10:17:50","guid":{"rendered":"https:\/\/www.hotelvigo.it\/dove-siamo-2\/"},"modified":"2017-05-02T09:55:12","modified_gmt":"2017-05-02T07:55:12","slug":"wo-wir-sind","status":"publish","type":"page","link":"https:\/\/www.hotelvigo.it\/de\/wo-wir-sind\/","title":{"rendered":"Wo wir sind"},"content":{"rendered":"<h2 style=\"text-align: center;\">Wo wir sind<\/h2>\n<p style=\"text-align: center;\">\n<div class=\"gdlr-shortcode-wrapper\"><div class=\"clear\"><\/div><div class=\"gdlr-item gdlr-divider-item\"  ><div class=\"gdlr-divider double\"  style=\"width: 80%;\" ><\/div><\/div><\/div>\n<\/p>\n<p style=\"text-align: justify;\">Vigo di Fassa, das Ferienzentrum mit internationalem Ruf, ist bekannt f\u00fcr seine charakteristische Dolomitenlandshaft, und ist idealer Ausgangpunkt f\u00fcr unverge\u00dfliche Bergbesteigungen.<\/p>\n<p style=\"text-align: justify;\">Umgeben von gr\u00fcnen Wiesen, \u00fcppigen Waldern und herausragenden Gipfeln, die den internationalen Alpinismus zur Geschichte gemacht haben, hat es sich als Fremdenverkehrsort f\u00fcr die Sommer- und Wintersaison qualifiziert,mit modernsten Skiliftanlagen, gewagten Abfahrten f\u00fcr jeden Schwierigkeitsgrad, deren Schnee auch durch die k\u00fcnstliche Beschneiung garantiert wird.<\/p>\n<h4 style=\"text-align: justify;\">Ganz in der N\u00e4che (25 mt)\u00a0des Hotels Vigo F\u00e4hrt die Seilbahn Catinaccio (Rosengarten)-Ciampedie ab, die Sie in wenigen Minuten auf eine H\u00f6he von 2000 Metern bringt.<\/h4>\n<p>&nbsp;<\/p>\n<h4>mit dem AUTO VON DER\u00a0A22,\u00a0DER BRENNERAUTOBAHN:<\/h4>\n<ul>\n<li><strong>Ausfahrt Neumarkt\/Auer<\/strong>: SS48 der Dolomiten &#8211; Passo San Lugano\/San Luganopass &#8211; Val di Fiemme\/Fleimstal &#8211; Val di Fassa\/Fassatal (Entfernung 45 km). Moena &#8211; Neue Umfahrungsstrasse.<\/li>\n<li><strong>Ausfahrt Bozen Nord<\/strong>: SS241 die gro\u00dfe Dolomitenstra\u00dfe &#8211; Karerpass &#8211; Val di Fassa\/Fassatal (Entfernung 37 km)<\/li>\n<\/ul>\n<h4>VON DER A27 MESTRE BELLUNO<\/h4>\n<ul>\n<li>Ausfahrt Pian di Vedoia und in Richtung Belluno Stadt fahren. Auf die Beschilderung nach Agordino und Falcade achten; nachdem man in die Staatsstra\u00dfe SS203 eingebogen ist, f\u00e4hrt man \u00fcber den San Pellegrinopass und erreicht das Fassatal &#8211; Moena. Weitere Stra\u00dfen ins Fassatal Richtung Canazei sind die Staatstrassen SS48 (vom Pordoipass), SS242 (Sellapass) und SP641 (Fedaiapass).<\/li>\n<\/ul>\n<p>&nbsp;<\/p>\n<h4>mit dem BUS<\/h4>\n<p>T\u00e4gliche Verbindungen mit dem Bus zu den Bahnh\u00f6fen in <a href=\"http:\/\/www.ttesercizio.it\/\" target=\"_blank\">Trient\u00a0(Atesina<\/a>), <a href=\"https:\/\/www.sad.it\/de\" target=\"_blank\">Bozen(Sad), <\/a>mit Umsteigen in Predazzo. Die Fahrscheine k\u00f6nnen an den Fahrschaltern oder direkt im Bus gel\u00f6st werden.<\/p>\n<p>&nbsp;<\/p>\n<h4>mit dem ZUG<\/h4>\n<ul>\n<li>Die n\u00e4chstgelegenen Bahnh\u00f6fe: Trient, Bozen und Auer. Informationen und Fahrpl\u00e4ne:\u2028 <a href=\"http:\/\/www.trenitalia.it\/\" target=\"_blank\">Staatsbahnen<\/a>\u00a0(Italien)<\/li>\n<li><strong><a href=\"http:\/\/www.bahn.de\/home\/index.shtml\" target=\"_blank\">Deutsche Bahn AG<\/a><\/strong>\u00a0(Deutschland)<\/li>\n<\/ul>\n<p>&nbsp;<\/p>\n<h4>mit dem FLUGZEUG Entfernungen von\u00a0folgenden\u00a0Flugh\u00e4fen:<\/h4>\n<p><a href=\"http:\/\/www.abd-airport.it\/html\/english_home.html\"><strong>Bozen<\/strong><\/a>\u00a050 km<br \/>\n<a href=\"http:\/\/www.flughafen-innsbruck.at\/\"><strong>Innsbruck<\/strong><\/a>\u00a0150 km<br \/>\n<a href=\"http:\/\/www.seamilano.eu\/landing\/index_en.html\"><strong>Mailand<\/strong><\/a>\u00a0300 km<br \/>\n<a href=\"http:\/\/www.munich-airport.de\/de\/consumer\/index.jsp\"><strong>M\u00fcnchen<\/strong><\/a>\u00a0320 km<br \/>\n<a href=\"http:\/\/www.veniceairport.it\/core\/index.jsp;jsessionid=YKCM2JYTQYWQHQFIAIBCFFA?_requestid=938898&amp;language=en\"><strong>Venedig<\/strong><\/a>\u00a0177 km<br \/>\n<a href=\"http:\/\/www.aeroportoverona.it\/index_de.asp\"><strong>Verona<\/strong><\/a>\u00a0180 km<\/p>\n<p><strong>TRANSFER SERVICE<\/strong><\/p>\n<p><a href=\"http:\/\/www.trentinoviaggi.net\/start.php?page=home&amp;lang=DE\" target=\"_blank\"><strong>FLY SKY SCHUTTLE<\/strong><\/a>\u00a0: Von den Flugh\u00e4fen Verona, Bergamo, Treviso\u00a0und Venedig ist ein Transferservice ins Fassatal aktiv.<\/p>\n<p><a href=\"http:\/\/www.dolomitirentacar.com\/de\/\" target=\"_blank\"><strong>Rent a car <\/strong><\/a><\/p>\n<p><strong>TAXI:<\/strong>\u00a0Das Taxi ist die einfachste, bequemste und schnellste\u00a0Art,\u00a0um das Fassatal zu\u00a0erreichen.<\/p>\n","protected":false},"excerpt":{"rendered":"<p>Wo wir sind Vigo di Fassa, das Ferienzentrum mit internationalem Ruf, ist bekannt f\u00fcr seine charakteristische Dolomitenlandshaft, und ist idealer Ausgangpunkt f\u00fcr unverge\u00dfliche Bergbesteigungen. Umgeben von gr\u00fcnen Wiesen, \u00fcppigen Waldern und herausragenden Gipfeln, die den internationalen Alpinismus zur Geschichte gemacht haben, hat es sich als Fremdenverkehrsort f\u00fcr die Sommer- und Wintersaison qualifiziert,mit modernsten Skiliftanlagen, gewagten&#8230; <\/p>\n<div class=\"clear\"><\/div>\n<p><a href=\"https:\/\/www.hotelvigo.it\/de\/wo-wir-sind\/\" class=\"excerpt-read-more\">Continue Reading<i class=\"fa fa-long-arrow-right icon-long-arrow-right\"><\/i><\/a><\/p>\n","protected":false},"author":2,"featured_media":7528,"parent":0,"menu_order":0,"comment_status":"open","ping_status":"open","template":"","meta":{"footnotes":""},"class_list":["post-8034","page","type-page","status-publish","has-post-thumbnail","hentry"],"_links":{"self":[{"href":"https:\/\/www.hotelvigo.it\/de\/wp-json\/wp\/v2\/pages\/8034","targetHints":{"allow":["GET"]}}],"collection":[{"href":"https:\/\/www.hotelvigo.it\/de\/wp-json\/wp\/v2\/pages"}],"about":[{"href":"https:\/\/www.hotelvigo.it\/de\/wp-json\/wp\/v2\/types\/page"}],"author":[{"embeddable":true,"href":"https:\/\/www.hotelvigo.it\/de\/wp-json\/wp\/v2\/users\/2"}],"replies":[{"embeddable":true,"href":"https:\/\/www.hotelvigo.it\/de\/wp-json\/wp\/v2\/comments?post=8034"}],"version-history":[{"count":7,"href":"https:\/\/www.hotelvigo.it\/de\/wp-json\/wp\/v2\/pages\/8034\/revisions"}],"predecessor-version":[{"id":18022,"href":"https:\/\/www.hotelvigo.it\/de\/wp-json\/wp\/v2\/pages\/8034\/revisions\/18022"}],"wp:featuredmedia":[{"embeddable":true,"href":"https:\/\/www.hotelvigo.it\/de\/wp-json\/"}],"wp:attachment":[{"href":"https:\/\/www.hotelvigo.it\/de\/wp-json\/wp\/v2\/media?parent=8034"}],"curies":[{"name":"wp","href":"https:\/\/api.w.org\/{rel}","templated":true}]}}

<h2 style="text-align: center;">Wo wir sind</h2>
<p style="text-align: center;">
<div class="gdlr-shortcode-wrapper"><div class="clear"></div><div class="gdlr-item gdlr-divider-item"  ><div class="gdlr-divider double"  style="width: 80%;" ></div></div></div>
</p>
<p style="text-align: justify;">Vigo di Fassa, das Ferienzentrum mit internationalem Ruf, ist bekannt für seine charakteristische Dolomitenlandshaft, und ist idealer Ausgangpunkt für unvergeßliche Bergbesteigungen.</p>
<p style="text-align: justify;">Umgeben von grünen Wiesen, üppigen Waldern und herausragenden Gipfeln, die den internationalen Alpinismus zur Geschichte gemacht haben, hat es sich als Fremdenverkehrsort für die Sommer- und Wintersaison qualifiziert,mit modernsten Skiliftanlagen, gewagten Abfahrten für jeden Schwierigkeitsgrad, deren Schnee auch durch die künstliche Beschneiung garantiert wird.</p>
<h4 style="text-align: justify;">Ganz in der Näche (25 mt) des Hotels Vigo Fährt die Seilbahn Catinaccio (Rosengarten)-Ciampedie ab, die Sie in wenigen Minuten auf eine Höhe von 2000 Metern bringt.</h4>
<p>&nbsp;</p>
<h4>mit dem AUTO VON DER A22, DER BRENNERAUTOBAHN:</h4>
<ul>
<li><strong>Ausfahrt Neumarkt/Auer</strong>: SS48 der Dolomiten &#8211; Passo San Lugano/San Luganopass &#8211; Val di Fiemme/Fleimstal &#8211; Val di Fassa/Fassatal (Entfernung 45 km). Moena &#8211; Neue Umfahrungsstrasse.</li>
<li><strong>Ausfahrt Bozen Nord</strong>: SS241 die große Dolomitenstraße &#8211; Karerpass &#8211; Val di Fassa/Fassatal (Entfernung 37 km)</li>
</ul>
<h4>VON DER A27 MESTRE BELLUNO</h4>
<ul>
<li>Ausfahrt Pian di Vedoia und in Richtung Belluno Stadt fahren. Auf die Beschilderung nach Agordino und Falcade achten; nachdem man in die Staatsstraße SS203 eingebogen ist, fährt man über den San Pellegrinopass und erreicht das Fassatal &#8211; Moena. Weitere Straßen ins Fassatal Richtung Canazei sind die Staatstrassen SS48 (vom Pordoipass), SS242 (Sellapass) und SP641 (Fedaiapass).</li>
</ul>
<p>&nbsp;</p>
<h4>mit dem BUS</h4>
<p>Tägliche Verbindungen mit dem Bus zu den Bahnhöfen in <a href="http://www.ttesercizio.it/" target="_blank">Trient (Atesina</a>), <a href="https://www.sad.it/de" target="_blank">Bozen(Sad), </a>mit Umsteigen in Predazzo. Die Fahrscheine können an den Fahrschaltern oder direkt im Bus gelöst werden.</p>
<p>&nbsp;</p>
<h4>mit dem ZUG</h4>
<ul>
<li>Die nächstgelegenen Bahnhöfe: Trient, Bozen und Auer. Informationen und Fahrpläne:  <a href="http://www.trenitalia.it/" target="_blank">Staatsbahnen</a> (Italien)</li>
<li><strong><a href="http://www.bahn.de/home/index.shtml" target="_blank">Deutsche Bahn AG</a></strong> (Deutschland)</li>
</ul>
<p>&nbsp;</p>
<h4>mit dem FLUGZEUG Entfernungen von folgenden Flughäfen:</h4>
<p><a href="http://www.abd-airport.it/html/english_home.html"><strong>Bozen</strong></a> 50 km<br />
<a href="http://www.flughafen-innsbruck.at/"><strong>Innsbruck</strong></a> 150 km<br />
<a href="http://www.seamilano.eu/landing/index_en.html"><strong>Mailand</strong></a> 300 km<br />
<a href="http://www.munich-airport.de/de/consumer/index.jsp"><strong>München</strong></a> 320 km<br />
<a href="http://www.veniceairport.it/core/index.jsp;jsessionid=YKCM2JYTQYWQHQFIAIBCFFA?_requestid=938898&amp;language=en"><strong>Venedig</strong></a> 177 km<br />
<a href="http://www.aeroportoverona.it/index_de.asp"><strong>Verona</strong></a> 180 km</p>
<p><strong>TRANSFER SERVICE</strong></p>
<p><a href="http://www.trentinoviaggi.net/start.php?page=home&amp;lang=DE" target="_blank"><strong>FLY SKY SCHUTTLE</strong></a> : Von den Flughäfen Verona, Bergamo, Treviso und Venedig ist ein Transferservice ins Fassatal aktiv.</p>
<p><a href="http://www.dolomitirentacar.com/de/" target="_blank"><strong>Rent a car </strong></a></p>
<p><strong>TAXI:</strong> Das Taxi ist die einfachste, bequemste und schnellste Art, um das Fassatal zu erreichen.</p>

<p>Wo wir sind Vigo di Fassa, das Ferienzentrum mit internationalem Ruf, ist bekannt für seine charakteristische Dolomitenlandshaft, und ist idealer Ausgangpunkt für unvergeßliche Bergbesteigungen. Umgeben von grünen Wiesen, üppigen Waldern und herausragenden Gipfeln, die den internationalen Alpinismus zur Geschichte gemacht haben, hat es sich als Fremdenverkehrsort für die Sommer- und Wintersaison qualifiziert,mit modernsten Skiliftanlagen, gewagten&#8230; </p>
<div class="clear"></div>
<p><a href="https://www.hotelvigo.it/de/wo-wir-sind/" class="excerpt-read-more">Continue Reading<i class="fa fa-long-arrow-right icon-long-arrow-right"></i></a></p>
